{"id":6436,"date":"2021-06-14T14:51:40","date_gmt":"2021-06-14T11:51:40","guid":{"rendered":"https:\/\/www.conaculambient.ro\/?page_id=6436"},"modified":"2023-04-29T17:56:00","modified_gmt":"2023-04-29T14:56:00","slug":"gradina-pentru-evenimente","status":"publish","type":"page","link":"https:\/\/www.conaculambient.ro\/de\/services\/gradina-pentru-evenimente\/","title":{"rendered":"Veranstaltungsgarten"},"content":{"rendered":"<p>[vc_row full_width=&#8220;stretch_row&#8220; position=&#8220;right center&#8220; css=&#8220;.vc_custom_1571307738059{margin-top: 50px !important;background-position: 0 0 !important;background-repeat: no-repeat !important;}&#8220; el_class=&#8220;background-none-mobile&#8220;][vc_column css=&#8220;.vc_custom_1474196911770{margin-top: -30px !important;}&#8220;][vc_column_text]<\/p>\n<h2 style=\"text-align: center;\"><small><\/small><span style=\"color: #cf0e17;\">Veranstaltungsgarten<\/span><\/h2>\n<p class=\"lead\" style=\"text-align: center;\">Ein St\u00fcck vom Paradies f\u00fcr die Kleinen und nicht nur &#8230; Mit einer Kapazit\u00e4t von 50 Sitzpl\u00e4tzen am Tisch, eine Dom\u00e4ne, die sich \u00fcber eine gro\u00dfe Fl\u00e4che von 1200 Quadratmetern erstreckt, ausgestattet mit: Bar, Gartenpavillon, Grillmen\u00fc, Open Bar, Spielplatz f\u00fcr Kinder, Seilrutsche, Kindersportplatz, r\u00f6misches Heiligtum f\u00fcr stimmungsvolles Feuer oder traditioneller Kessel, Ambient Garden ist der perfekte Partner f\u00fcr eine erfolgreiche Veranstaltung, egal ob es sich um eine kleine Hochzeit, Ihren Kindertag, eine Taufe oder eine Veranstaltung handelt, die ein unverwechselbares L\u00e4cheln zaubert der Zufriedenheit f\u00fcr au\u00dfergew\u00f6hnlich erbrachte Leistungen.<\/p>\n<p>[\/vc_column_text][vc_column_text][\/vc_column_text][\/vc_column][\/vc_row][vc_row css=&#8220;.vc_custom_1571307899957{margin-top: -140px !important;}&#8220;][vc_column][vc_images_carousel images=&#8220;6439,6440,6442,6443,6444,6445,6446,6447,6449&#8243;][\/vc_column][\/vc_row][vc_row css=&#8220;.vc_custom_1475016562895{margin-top: -100px !important;}&#8220;][vc_column width=&#8220;1\/2&#8243;][vc_images_carousel images=&#8220;6448&#8243; hide_pagination_control=&#8220;yes&#8220; hide_prev_next_buttons=&#8220;yes&#8220;][\/vc_column][vc_column width=&#8220;1\/2&#8243;][vc_empty_space height=&#8220;72px&#8220;][vc_column_text]<\/p>\n<h2 class=\"text-center\" style=\"text-align: center;\"><span style=\"color: #cf0e17;\"><i class='fa fa-fw fa-book fa-lg center-block ' style=''><\/i><\/span>Reservierungen<\/h2>\n<p style=\"text-align: center;\">Wir freuen uns, Ihnen zu helfen und genie\u00dfen Sie unsere K\u00fcche.<\/p>\n<p style=\"text-align: center;\"><a href=\"tel:0040732200900\">004 0732 200900<\/a><br \/>\n<a href=\"mailto:reservations@conaculambient.ro\">reservations@conaculambient.ro<\/a><\/p>\n<p>[\/vc_column_text][\/vc_column][\/vc_row][vc_row css=&#8220;.vc_custom_1470397530640{margin-bottom: -200px !important;}&#8220;][vc_column][vc_raw_html]JTNDc2NyaXB0JTIwdHlwZSUzRCUyMnRleHQlMkZqYXZhc2NyaXB0JTIyJTIwc3JjJTNEJTIyaHR0cHMlM0ElMkYlMkZvcGVuLnVwcGVyYm9va2luZy5jb20lMkZjb25hY3VsYW1iaWVudCUyRkJvb2tpbmcuanMlM0Zsb2NhbGUlM0RkZSUyMiUzRSUzQyUyRnNjcmlwdCUzRQ==[\/vc_raw_html][\/vc_column][\/vc_row]<\/p>","protected":false},"excerpt":{"rendered":"<p>[vc_row full_width=&#8220;stretch_row&#8220; position=&#8220;right center&#8220; css=&#8220;.vc_custom_1571307738059{margin-top: 50px !important;background-position: 0 0 !important;background-repeat: no-repeat !important;}&#8220; el_class=&#8220;background-none-mobile&#8220;][vc_column css=&#8220;.vc_custom_1474196911770{margin-top: -30px !important;}&#8220;][vc_column_text] Veranstaltungsgarten Ein St\u00fcck vom [&hellip;]<\/p>\n","protected":false},"author":3,"featured_media":0,"parent":3687,"menu_order":4,"comment_status":"closed","ping_status":"closed","template":"","meta":{"footnotes":""},"yst_prominent_words":[],"class_list":["post-6436","page","type-page","status-publish","hentry"],"yoast_head":"<!-- This site is optimized with the Yoast SEO Premium plugin v14.0.2 - https:\/\/yoast.com\/wordpress\/plugins\/seo\/ -->\n<title>Veranstaltungsgarten - Ambient Conacul<\/title>\n<meta name=\"robots\" content=\"index, follow\" \/>\n<meta name=\"googlebot\" content=\"index, follow, max-snippet:-1, max-image-preview:large, max-video-preview:-1\" \/>\n<meta name=\"bingbot\" content=\"index, follow, max-snippet:-1, max-image-preview:large, max-video-preview:-1\" \/>\n<link rel=\"canonical\" href=\"https:\/\/www.conaculambient.ro\/services\/gradina-pentru-evenimente\/\" \/>\n<meta property=\"og:locale\" content=\"de_DE\" \/>\n<meta property=\"og:type\" content=\"article\" \/>\n<meta property=\"og:title\" content=\"[:ro]Gr\u0103din\u0103 pentru evenimente[:en]Ambient Garden[:es]Jard\u00edn de eventos[:de]Veranstaltungsgarten[:] - Ambient Conacul\" \/>\n<meta property=\"og:description\" content=\"[vc_row full_width=&#8220;stretch_row&#8220; position=&#8220;right center&#8220; css=&#8220;.vc_custom_1571307738059{margin-top: 50px !important;background-position: 0 0 !important;background-repeat: no-repeat !important;}&#8220; el_class=&#8220;background-none-mobile&#8220;][vc_column css=&#8220;.vc_custom_1474196911770{margin-top: -30px !important;}&#8220;][vc_column_text] Veranstaltungsgarten Ein St\u00fcck vom [&hellip;]\" \/>\n<meta property=\"og:url\" content=\"https:\/\/www.conaculambient.ro\/services\/gradina-pentru-evenimente\/\" \/>\n<meta property=\"og:site_name\" content=\"Ambient Conacul\" \/>\n<meta property=\"article:modified_time\" content=\"2023-04-29T14:56:00+00:00\" \/>\n<meta name=\"twitter:card\" content=\"summary_large_image\" \/>\n<script type=\"application\/ld+json\" class=\"yoast-schema-graph\">{\"@context\":\"https:\/\/schema.org\",\"@graph\":[{\"@type\":\"WebSite\",\"@id\":\"https:\/\/www.conaculambient.ro\/de\/#website\",\"url\":\"https:\/\/www.conaculambient.ro\/de\/\",\"name\":\"Ambient Conacul\",\"description\":\"Holen Sie sich den besten Preis f\\u00fcr Ambient Eigenschaften\",\"potentialAction\":[{\"@type\":\"SearchAction\",\"target\":\"https:\/\/www.conaculambient.ro\/de\/?s={search_term_string}\",\"query-input\":\"required name=search_term_string\"}],\"inLanguage\":\"de\"},{\"@type\":\"WebPage\",\"@id\":\"https:\/\/www.conaculambient.ro\/services\/gradina-pentru-evenimente\/#webpage\",\"url\":\"https:\/\/www.conaculambient.ro\/services\/gradina-pentru-evenimente\/\",\"name\":\"[:ro]Gr\\u0103din\\u0103 pentru evenimente[:en]Ambient Garden[:es]Jard\\u00edn de eventos[:de]Veranstaltungsgarten[:] - Ambient Conacul\",\"isPartOf\":{\"@id\":\"https:\/\/www.conaculambient.ro\/de\/#website\"},\"datePublished\":\"2021-06-14T11:51:40+00:00\",\"dateModified\":\"2023-04-29T14:56:00+00:00\",\"inLanguage\":\"de\",\"potentialAction\":[{\"@type\":\"ReadAction\",\"target\":[\"https:\/\/www.conaculambient.ro\/services\/gradina-pentru-evenimente\/\"]}]}]}<\/script>\n<!-- \/ Yoast SEO Premium plugin. -->","_links":{"self":[{"href":"https:\/\/www.conaculambient.ro\/de\/wp-json\/wp\/v2\/pages\/6436","targetHints":{"allow":["GET"]}}],"collection":[{"href":"https:\/\/www.conaculambient.ro\/de\/wp-json\/wp\/v2\/pages"}],"about":[{"href":"https:\/\/www.conaculambient.ro\/de\/wp-json\/wp\/v2\/types\/page"}],"author":[{"embeddable":true,"href":"https:\/\/www.conaculambient.ro\/de\/wp-json\/wp\/v2\/users\/3"}],"replies":[{"embeddable":true,"href":"https:\/\/www.conaculambient.ro\/de\/wp-json\/wp\/v2\/comments?post=6436"}],"version-history":[{"count":12,"href":"https:\/\/www.conaculambient.ro\/de\/wp-json\/wp\/v2\/pages\/6436\/revisions"}],"predecessor-version":[{"id":6870,"href":"https:\/\/www.conaculambient.ro\/de\/wp-json\/wp\/v2\/pages\/6436\/revisions\/6870"}],"up":[{"embeddable":true,"href":"https:\/\/www.conaculambient.ro\/de\/wp-json\/wp\/v2\/pages\/3687"}],"wp:attachment":[{"href":"https:\/\/www.conaculambient.ro\/de\/wp-json\/wp\/v2\/media?parent=6436"}],"wp:term":[{"taxonomy":"yst_prominent_words","embeddable":true,"href":"https:\/\/www.conaculambient.ro\/de\/wp-json\/wp\/v2\/yst_prominent_words?post=6436"}],"curies":[{"name":"wp","href":"https:\/\/api.w.org\/{rel}","templated":true}]}}

<p>[vc_row full_width=&#8220;stretch_row&#8220; position=&#8220;right center&#8220; css=&#8220;.vc_custom_1571307738059{margin-top: 50px !important;background-position: 0 0 !important;background-repeat: no-repeat !important;}&#8220; el_class=&#8220;background-none-mobile&#8220;][vc_column css=&#8220;.vc_custom_1474196911770{margin-top: -30px !important;}&#8220;][vc_column_text]</p>
<h2 style="text-align: center;"><small></small><span style="color: #cf0e17;">Veranstaltungsgarten</span></h2>
<p class="lead" style="text-align: center;">Ein Stück vom Paradies für die Kleinen und nicht nur &#8230; Mit einer Kapazität von 50 Sitzplätzen am Tisch, eine Domäne, die sich über eine große Fläche von 1200 Quadratmetern erstreckt, ausgestattet mit: Bar, Gartenpavillon, Grillmenü, Open Bar, Spielplatz für Kinder, Seilrutsche, Kindersportplatz, römisches Heiligtum für stimmungsvolles Feuer oder traditioneller Kessel, Ambient Garden ist der perfekte Partner für eine erfolgreiche Veranstaltung, egal ob es sich um eine kleine Hochzeit, Ihren Kindertag, eine Taufe oder eine Veranstaltung handelt, die ein unverwechselbares Lächeln zaubert der Zufriedenheit für außergewöhnlich erbrachte Leistungen.</p>
<p>[/vc_column_text][vc_column_text][/vc_column_text][/vc_column][/vc_row][vc_row css=&#8220;.vc_custom_1571307899957{margin-top: -140px !important;}&#8220;][vc_column][vc_images_carousel images=&#8220;6439,6440,6442,6443,6444,6445,6446,6447,6449&#8243;][/vc_column][/vc_row][vc_row css=&#8220;.vc_custom_1475016562895{margin-top: -100px !important;}&#8220;][vc_column width=&#8220;1/2&#8243;][vc_images_carousel images=&#8220;6448&#8243; hide_pagination_control=&#8220;yes&#8220; hide_prev_next_buttons=&#8220;yes&#8220;][/vc_column][vc_column width=&#8220;1/2&#8243;][vc_empty_space height=&#8220;72px&#8220;][vc_column_text]</p>
<h2 class="text-center" style="text-align: center;"><span style="color: #cf0e17;"><i class='fa fa-fw fa-book fa-lg center-block ' style=''></i></span>Reservierungen</h2>
<p style="text-align: center;">Wir freuen uns, Ihnen zu helfen und genießen Sie unsere Küche.</p>
<p style="text-align: center;"><a href="tel:0040732200900">004 0732 200900</a><br />
<a href="mailto:reservations@conaculambient.ro">reservations@conaculambient.ro</a></p>
<p>[/vc_column_text][/vc_column][/vc_row][vc_row css=&#8220;.vc_custom_1470397530640{margin-bottom: -200px !important;}&#8220;][vc_column][vc_raw_html]JTNDc2NyaXB0JTIwdHlwZSUzRCUyMnRleHQlMkZqYXZhc2NyaXB0JTIyJTIwc3JjJTNEJTIyaHR0cHMlM0ElMkYlMkZvcGVuLnVwcGVyYm9va2luZy5jb20lMkZjb25hY3VsYW1iaWVudCUyRkJvb2tpbmcuanMlM0Zsb2NhbGUlM0RkZSUyMiUzRSUzQyUyRnNjcmlwdCUzRQ==[/vc_raw_html][/vc_column][/vc_row]</p>

<p>[vc_row full_width=&#8220;stretch_row&#8220; position=&#8220;right center&#8220; css=&#8220;.vc_custom_1571307738059{margin-top: 50px !important;background-position: 0 0 !important;background-repeat: no-repeat !important;}&#8220; el_class=&#8220;background-none-mobile&#8220;][vc_column css=&#8220;.vc_custom_1474196911770{margin-top: -30px !important;}&#8220;][vc_column_text] Veranstaltungsgarten Ein Stück vom [&hellip;]</p>

<!-- This site is optimized with the Yoast SEO Premium plugin v14.0.2 - https://yoast.com/wordpress/plugins/seo/ -->
<title>Veranstaltungsgarten - Ambient Conacul</title>
<meta name="robots" content="index, follow" />
<meta name="googlebot" content="index, follow, max-snippet:-1, max-image-preview:large, max-video-preview:-1" />
<meta name="bingbot" content="index, follow, max-snippet:-1, max-image-preview:large, max-video-preview:-1" />
<link rel="canonical" href="https://www.conaculambient.ro/services/gradina-pentru-evenimente/" />
<meta property="og:locale" content="de_DE" />
<meta property="og:type" content="article" />
<meta property="og:title" content="[:ro]Grădină pentru evenimente[:en]Ambient Garden[:es]Jardín de eventos[:de]Veranstaltungsgarten[:] - Ambient Conacul" />
<meta property="og:description" content="[vc_row full_width=&#8220;stretch_row&#8220; position=&#8220;right center&#8220; css=&#8220;.vc_custom_1571307738059{margin-top: 50px !important;background-position: 0 0 !important;background-repeat: no-repeat !important;}&#8220; el_class=&#8220;background-none-mobile&#8220;][vc_column css=&#8220;.vc_custom_1474196911770{margin-top: -30px !important;}&#8220;][vc_column_text] Veranstaltungsgarten Ein Stück vom [&hellip;]" />
<meta property="og:url" content="https://www.conaculambient.ro/services/gradina-pentru-evenimente/" />
<meta property="og:site_name" content="Ambient Conacul" />
<meta property="article:modified_time" content="2023-04-29T14:56:00+00:00" />
<meta name="twitter:card" content="summary_large_image" />
<script type="application/ld+json" class="yoast-schema-graph">{"@context":"https://schema.org","@graph":[{"@type":"WebSite","@id":"https://www.conaculambient.ro/de/#website","url":"https://www.conaculambient.ro/de/","name":"Ambient Conacul","description":"Holen Sie sich den besten Preis f\u00fcr Ambient Eigenschaften","potentialAction":[{"@type":"SearchAction","target":"https://www.conaculambient.ro/de/?s={search_term_string}","query-input":"required name=search_term_string"}],"inLanguage":"de"},{"@type":"WebPage","@id":"https://www.conaculambient.ro/services/gradina-pentru-evenimente/#webpage","url":"https://www.conaculambient.ro/services/gradina-pentru-evenimente/","name":"[:ro]Gr\u0103din\u0103 pentru evenimente[:en]Ambient Garden[:es]Jard\u00edn de eventos[:de]Veranstaltungsgarten[:] - Ambient Conacul","isPartOf":{"@id":"https://www.conaculambient.ro/de/#website"},"datePublished":"2021-06-14T11:51:40+00:00","dateModified":"2023-04-29T14:56:00+00:00","inLanguage":"de","potentialAction":[{"@type":"ReadAction","target":["https://www.conaculambient.ro/services/gradina-pentru-evenimente/"]}]}]}</script>
<!-- / Yoast SEO Premium plugin. -->
